{"id":914,"date":"2021-05-24T15:19:04","date_gmt":"2021-05-24T13:19:04","guid":{"rendered":"https:\/\/sub.swdag.com\/?page_id=914"},"modified":"2021-05-24T15:19:08","modified_gmt":"2021-05-24T13:19:08","slug":"impressum","status":"publish","type":"page","link":"https:\/\/sub.swdag.com\/?page_id=914","title":{"rendered":"Impressum"},"content":{"rendered":"\n  \n    <section class=\"u-align-center u-clearfix u-section-1\" id=\"sec-a1b8\">\n      <div class=\"u-clearfix u-sheet u-sheet-1\">\n        <p class=\"u-align-center u-text u-text-1\"><b>Impressum&nbsp;<\/b>\n          <br>\n          <br><b>Angaben gem\u00e4\u00df \u00a7 5 TMG<\/b>&nbsp;<br>\n          <br>Schwald Automatisierung GmbH <br>Untere Stalten Str. 12 <br>79650 Schopfheim <br>Handelsregister: HRB 715184 <br>Registergericht: Amtsgericht Freiburg i.Br.&nbsp;<br>\n          <br>Vertreten durch: <br>Werner Schwald&nbsp;<br>\n          <br>Vorsitzender des Aufsichtsrats: <br>Werner Schwald<br>\n          <br><b>Kontakt&nbsp;<\/b>\n          <br>\n          <br>Telefon: 07622 6848343 <br>Telefax: 07622 6848344 <br>E-Mail: info@swdag.com&nbsp;<br>\n          <br><b>Umsatzsteuer-ID&nbsp;<\/b>\n          <br>\n          <br>Umsatzsteuer-Identifikationsnummer gem\u00e4\u00df \u00a7 27 a Umsatzsteuergesetz: <br>DE 30 76 98 82 1 <br>Berufsbezeichnung und berufsrechtliche Regelungen <br>Berufsbezeichnung: Elektrotechniker Meister <br>Zust\u00e4ndige Kammer: Handwerkskammer Freiburg <br>Verliehen durch: Baden W\u00fcrttemberg <br>Es gelten folgende berufsrechtliche Regelungen: Elektrotechniker Meister <br>Regelungen einsehbar unter: <br>http:\/\/www.hwk-freiburg.de\/de<br>\n          <br>\n          <br><b>EU-Streitschlichtung&nbsp;<\/b>\n          <br>\n          <br>Die Europ\u00e4ische Kommission stellt eine Plattform zur Online-Streitbeilegung (OS) bereit: <br>https:\/\/ec.europa.eu\/consumers\/odr. <br>Unsere E-Mail-Adresse finden Sie oben im Impressum.&nbsp;<br>\n          <br>\n          <br><b>Verbraucherstreitbeilegung\/Universalschlichtungsstelle&nbsp;<\/b>\n          <br>\n          <br>Wir sind nicht bereit oder verpflichtet, an Streitbeilegungsverfahren vor einer <br>Verbraucherschlichtungsstelle teilzunehmen.&nbsp;<br>\n          <br><b>Haftung f\u00fcr Inhalte&nbsp;<\/b>\n          <br>\n          <br>Als Diensteanbieter sind wir gem\u00e4\u00df \u00a7 7 Abs.1 TMG f\u00fcr eigene Inhalte auf diesen Seiten nach den <br>allgemeinen Gesetzen verantwortlich. Nach \u00a7\u00a7 8 bis 10 TMG sind wir als Diensteanbieter jedoch nicht <br>verpflichtet, \u00fcbermittelte oder gespeicherte fremde Informationen zu \u00fcberwachen oder nach Umst\u00e4nden zu <br>forschen, die auf eine rechtswidrige T\u00e4tigkeit hinweisen. <br>Verpflichtungen zur Entfernung oder Sperrung der Nutzung von Informationen nach den allgemeinen <br>Gesetzen bleiben hiervon unber\u00fchrt. Eine diesbez\u00fcgliche Haftung ist jedoch erst ab dem Zeitpunkt der <br>Kenntnis einer konkreten Rechtsverletzung m\u00f6glich. Bei Bekanntwerden von entsprechenden <br>Rechtsverletzungen werden wir diese Inhalte umgehend entfernen.&nbsp;<br>\n          <br><b>Haftung f\u00fcr Links&nbsp;<\/b>\n          <br>\n          <br>Unser Angebot enth\u00e4lt Links zu externen Websites Dritter, auf deren Inhalte wir keinen Einfluss haben. <br>Deshalb k\u00f6nnen wir f\u00fcr diese fremden Inhalte auch keine Gew\u00e4hr \u00fcbernehmen. F\u00fcr die Inhalte der <br>verlinkten Seiten ist stets der jeweilige Anbieter oder Betreiber der Seiten verantwortlich. Die verlinkten <br>Seiten wurden zum Zeitpunkt der Verlinkung auf m\u00f6gliche Rechtsverst\u00f6\u00dfe \u00fcberpr\u00fcft. Rechtswidrige Inhalte <br>waren zum Zeitpunkt der Verlinkung nicht erkennbar. <br>Eine permanente inhaltliche Kontrolle der verlinkten Seiten ist jedoch ohne konkrete Anhaltspunkte einer <br>Rechtsverletzung nicht zumutbar. Bei Bekanntwerden von Rechtsverletzungen werden wir derartige Links <br>umgehend entfernen.&nbsp;<br>\n          <br><b>Urheberrecht&nbsp;<\/b>\n          <br>\n          <br>Die durch die Seitenbetreiber erstellten Inhalte und Werke auf diesen Seiten unterliegen dem deutschen <br>Urheberrecht. Die Vervielf\u00e4ltigung, Bearbeitung, Verbreitung und jede Art der Verwertung au\u00dferhalb der <br>Grenzen des Urheberrechtes bed\u00fcrfen der schriftlichen Zustimmung des jeweiligen Autors bzw. Erstellers. <br>Downloads und Kopien dieser Seite sind nur f\u00fcr den privaten, nicht kommerziellen Gebrauch gestattet. <br>Soweit die Inhalte auf dieser Seite nicht vom Betreiber erstellt wurden, werden die Urheberrechte Dritter <br>beachtet. Insbesondere werden Inhalte Dritter als solche gekennzeichnet. Sollten Sie trotzdem auf eine <br>Urheberrechtsverletzung aufmerksam werden, bitten wir um einen entsprechenden Hinweis. Bei <br>Bekanntwerden von Rechtsverletzungen werden wir derartige Inhalte umgehend entfernen.<br>\n        <\/p>\n      <\/div>\n    <\/section>\n    \n    \n    \n  \n","protected":false},"excerpt":{"rendered":"<p>Impressum&nbsp; Angaben gem\u00e4\u00df \u00a7 5 TMG&nbsp; Schwald Automatisierung GmbH Untere Stalten Str. 12 79650 Schopfheim Handelsregister: HRB 715184 Registergericht: Amtsgericht Freiburg i.Br.&nbsp; Vertreten durch: Werner Schwald&nbsp; Vorsitzender des Aufsichtsrats: Werner Schwald Kontakt&nbsp; Telefon: 07622 6848343 Telefax: 07622 6848344 E-Mail: info@swdag.com&nbsp; Umsatzsteuer-ID&nbsp; Umsatzsteuer-Identifikationsnummer gem\u00e4\u00df \u00a7 27 a Umsatzsteuergesetz: DE 30 76 98 82 1 Berufsbezeichnung und &hellip; <a href=\"https:\/\/sub.swdag.com\/?page_id=914\" class=\"more-link\">Continue reading<span class=\"screen-reader-text\"> &#8222;Impressum&#8220;<\/span><\/a><\/p>\n","protected":false},"author":1,"featured_media":0,"parent":0,"menu_order":6,"comment_status":"closed","ping_status":"closed","template":"","meta":[],"yoast_head":"<!-- This site is optimized with the Yoast SEO plugin v16.3 - https:\/\/yoast.com\/wordpress\/plugins\/seo\/ -->\n<title>Impressum - sub.swdag.com<\/title>\n<meta name=\"robots\" content=\"noindex, follow, max-snippet:-1, max-image-preview:large, max-video-preview:-1\" \/>\n<meta property=\"og:locale\" content=\"de_DE\" \/>\n<meta property=\"og:type\" content=\"article\" \/>\n<meta property=\"og:title\" content=\"Impressum - sub.swdag.com\" \/>\n<meta property=\"og:description\" content=\"Impressum&nbsp; Angaben gem\u00e4\u00df \u00a7 5 TMG&nbsp; Schwald Automatisierung GmbH Untere Stalten Str. 12 79650 Schopfheim Handelsregister: HRB 715184 Registergericht: Amtsgericht Freiburg i.Br.&nbsp; Vertreten durch: Werner Schwald&nbsp; Vorsitzender des Aufsichtsrats: Werner Schwald Kontakt&nbsp; Telefon: 07622 6848343 Telefax: 07622 6848344 E-Mail: info@swdag.com&nbsp; Umsatzsteuer-ID&nbsp; Umsatzsteuer-Identifikationsnummer gem\u00e4\u00df \u00a7 27 a Umsatzsteuergesetz: DE 30 76 98 82 1 Berufsbezeichnung und &hellip; Continue reading &quot;Impressum&quot;\" \/>\n<meta property=\"og:url\" content=\"https:\/\/sub.swdag.com\/?page_id=914\" \/>\n<meta property=\"og:site_name\" content=\"sub.swdag.com\" \/>\n<meta property=\"article:modified_time\" content=\"2021-05-24T13:19:08+00:00\" \/>\n<meta name=\"twitter:card\" content=\"summary_large_image\" \/>\n<meta name=\"twitter:label1\" content=\"Gesch\u00e4tzte Lesezeit\">\n\t<meta name=\"twitter:data1\" content=\"2\u00a0Minuten\">\n<script type=\"application\/ld+json\" class=\"yoast-schema-graph\">{\"@context\":\"https:\/\/schema.org\",\"@graph\":[{\"@type\":\"WebSite\",\"@id\":\"https:\/\/sub.swdag.com\/#website\",\"url\":\"https:\/\/sub.swdag.com\/\",\"name\":\"sub.swdag.com\",\"description\":\"Just another WordPress site\",\"potentialAction\":[{\"@type\":\"SearchAction\",\"target\":\"https:\/\/sub.swdag.com\/?s={search_term_string}\",\"query-input\":\"required name=search_term_string\"}],\"inLanguage\":\"de\"},{\"@type\":\"WebPage\",\"@id\":\"https:\/\/sub.swdag.com\/?page_id=914#webpage\",\"url\":\"https:\/\/sub.swdag.com\/?page_id=914\",\"name\":\"Impressum - sub.swdag.com\",\"isPartOf\":{\"@id\":\"https:\/\/sub.swdag.com\/#website\"},\"datePublished\":\"2021-05-24T13:19:04+00:00\",\"dateModified\":\"2021-05-24T13:19:08+00:00\",\"breadcrumb\":{\"@id\":\"https:\/\/sub.swdag.com\/?page_id=914#breadcrumb\"},\"inLanguage\":\"de\",\"potentialAction\":[{\"@type\":\"ReadAction\",\"target\":[\"https:\/\/sub.swdag.com\/?page_id=914\"]}]},{\"@type\":\"BreadcrumbList\",\"@id\":\"https:\/\/sub.swdag.com\/?page_id=914#breadcrumb\",\"itemListElement\":[{\"@type\":\"ListItem\",\"position\":1,\"item\":{\"@type\":\"WebPage\",\"@id\":\"https:\/\/sub.swdag.com\/\",\"url\":\"https:\/\/sub.swdag.com\/\",\"name\":\"Startseite\"}},{\"@type\":\"ListItem\",\"position\":2,\"item\":{\"@id\":\"https:\/\/sub.swdag.com\/?page_id=914#webpage\"}}]}]}<\/script>\n<!-- \/ Yoast SEO plugin. -->","_links":{"self":[{"href":"https:\/\/sub.swdag.com\/index.php?rest_route=\/wp\/v2\/pages\/914"}],"collection":[{"href":"https:\/\/sub.swdag.com\/index.php?rest_route=\/wp\/v2\/pages"}],"about":[{"href":"https:\/\/sub.swdag.com\/index.php?rest_route=\/wp\/v2\/types\/page"}],"author":[{"embeddable":true,"href":"https:\/\/sub.swdag.com\/index.php?rest_route=\/wp\/v2\/users\/1"}],"replies":[{"embeddable":true,"href":"https:\/\/sub.swdag.com\/index.php?rest_route=%2Fwp%2Fv2%2Fcomments&post=914"}],"version-history":[{"count":1,"href":"https:\/\/sub.swdag.com\/index.php?rest_route=\/wp\/v2\/pages\/914\/revisions"}],"predecessor-version":[{"id":929,"href":"https:\/\/sub.swdag.com\/index.php?rest_route=\/wp\/v2\/pages\/914\/revisions\/929"}],"wp:attachment":[{"href":"https:\/\/sub.swdag.com\/index.php?rest_route=%2Fwp%2Fv2%2Fmedia&parent=914"}],"curies":[{"name":"wp","href":"https:\/\/api.w.org\/{rel}","templated":true}]}}